irst derivative of n - 20 + 28*n**3 - 5 + 16. Is z(1) a composite number?
True
Suppose 0 = 14*t - 98525 - 198485. Is t a prime number?
False
Let n(h) = 12*h**2 - 13*h - 32. Let y(m) = m**3 + 8*m**2 + 9*m - 4. Let w be y(-6). Is n(w) prime?
False
Is 2*20916/(-16)*-2 - 2 a composite number?
False
Suppose 2*l + 3*l - 2705 = 0. Is l prime?
True
Suppose 4*r = -12, -3*r = -5*u + 4*u + 18310. Is u composite?
False
Let o(n) = 3*n**3 - 3*n**2 - 10*n + 3. Is o(7) composite?
True
Suppose -b + 2*q = 2*b - 8482, -5*q = -3*b + 8488. Suppose -b = -18*j + 1728. Is j composite?
True
Let d(w) = 3*w**2 + 3 + 2*w + 5*w**2 + 2*w + 0*w**2. Suppose 0*u + 4*u + 16 = 0. Is d(u) a prime number?
False
Is 4/(-6) - 921301/(-87) composite?
False
Let t = -36 + 16. Let o be t/(-50)*20/2. Suppose -3*z = o*g - 4889, -2*g + 8152 = 5*z + g. Is z prime?
False
Is (1/1 - 24095)*57/(-114) prime?
False
Let b = -125 + 127. Suppose -6*h + 2*h = -b*k + 978, 0 = -2*h + 4. Is k composite?
True
Let k(t) = 4*t**3 + 36*t**2 + 2. Let r be k(-9). Suppose 4*x + 0*x - 12 = 0. Suppose c = -4*q + 2523, -r*c - x = -1. Is q a composite number?
False
Let q = 9 - 8. Let v be q/(2/(-6) + 0). Is (62/v)/((-10)/105) a prime number?
False
Let c be 62/10 + 6/(-30). Suppose -647 = -5*b + 4*t, -3*b + c*b - 4*t = 393. Is b a prime number?
True
Is (-569)/((85/(-10))/17) a composite number?
True
Let x = 20 - 48. Let t be x/(-10) + 2/10. Suppose 5*y - 69 = -h, 4*h = y - t*y + 204. Is h prime?
False
Let s(b) = 3*b**2 + 1. Let y be 6/(-4)*(-56)/(-42). Let g be s(y). Let i(h) = -h**3 + 18*h**2 + 16*h + 2. Is i(g) prime?
False
Let v(c) = 7*c**3 + 24*c**2 + 16*c + 11. Let o(r) = 6*r**3 + 23*r**2 + 15*r + 10. Let f(y) = 6*o(y) - 5*v(y). Is f(-12) composite?
True
Is (-2)/(-4) - (-7914)/4 a prime number?
True
Suppose 56 = 37*x - 29*x. Suppose x*j - 23155 = -4*j. Is j composite?
True
Suppose -206273 = 15*r - 1199858. Is r a composite number?
False
Suppose 21*z + 46196 = 25*z. Is z a prime number?
True
Let l(t) = 11*t + 4. Let o = -31 + 48. Is l(o) a composite number?
False
Is (-2489)/(18/(-8) - 55/(-44)) prime?
False
Suppose 0 = -7*g + 982 + 61. Let v = -40 + g. Is v composite?
False
Suppose 2*s - t - 3 = -0*t, -3*s = -4*t + 8. Suppose s*j - 8 = 2*v, 2*v + j = -0*j + 17. Suppose -p - 335 = -v*p. Is p a prime number?
True
Is (-1)/((-276174)/(-27618) + -10) a prime number?
True
Suppose -1247*w + 1245*w = -298. Is w prime?
True
Suppose 0 = 2*p - 3*z + 380 + 339, -p - 2*z = 377. Let l = p - -570. Is l a composite number?
True
Let d = 34 - 9. Suppose 5*o - d = 0, 0*k + 13 = 4*k + o. Let u(q) = 144*q - 1. Is u(k) prime?
False
Let a(p) = 2*p**2 + 9*p - 19. Let v(o) = 4*o**2 - o + 2. Let m be v(1). Suppose -m*y - 42 = -2. Is a(y) composite?
False
Let a(c) = -292*c - 4. Let l be a(-3). Suppose -l = m - 5*m. Is m composite?
True
Let s(a) = -6*a**2 + 6*a - 14. Let n(t) = 13*t**2 - 13*t + 28. Let b(q) = -2*n(q) - 5*s(q). Is b(-5) composite?
True
Let q = -23 + 28. Let j = q - 1. Is ((-1106)/3)/(j/(-6)) a prime number?
False
Is -3*(-4 - (-5334)/(-18)) composite?
True
Let j = 48572 + -18421. Is j prime?
False
Let s(a) = -a - 12. Let o(d) = 8*d + 1. Let n be o(-2). Let x be s(n). Suppose -x*y = -9, 0*g - y = g - 36. Is g composite?
True
Suppose -3*s + 5*m = -8*s - 1245, 2*m = 4*s + 1002. Is (1 - s)/(18 - 17) a composite number?
False
Suppose -2*p + o - 18 = -o, 0 = 2*o + 6. Let w be (-6)/p + 270/4. Suppose 3*y - 217 - w = 0. Is y a composite number?
True
Let m be (8/3)/((-5)/45). Let u = m - -29. Is -6*(-1)/5*u a prime number?
False
Suppose 4762 = -6*p - 3470. Let j = p + 2349. Is j a composite number?
False
Let h be (((-21)/(-6))/(-7)*2)/(-1). Is -1*(h/1)/(1/(-1649)) a composite number?
True
Let l = -52 - -55. Is 1835*(l - (-13)/(-5)) a composite number?
True
Suppose -2*s = 3*c - 210 - 635, -2*c + 1694 = 4*s. Let v = 965 - s. Is v composite?
False
Suppose 0 = 4*r - q - q - 4662, -3496 = -3*r + 2*q. Suppose -5*j + 1390 = 4*w - 1525, 2*j - r = -4*w. Is j prime?
False
Let u(x) = x**3 + 7*x**2 - x - 6. Let q be u(-7). Let l(r) = 250*r + 3. Is l(q) a prime number?
False
Let f be 128348/55 - (0 + (-2)/5). Is 8/16 + f/4 + -1 prime?
False
Suppose 4*d + 7569 = -a, 2*d = -a + 6*d - 7601. Is 1/1*a/(-5) a prime number?
False
Let f(c) = -2*c**3 - c**2 - 1. Let z(n) = -n**3 - 7*n**2 - 6*n + 2. Let k be z(-6). Suppose -4*v - 3*u = -1, 2*u = -5*v + k - 6. Is f(v) composite?
False
Suppose 1543 = 3*k - 4*c, k - 52 - 474 = -c. Is k prime?
True
Let r(g) = -36*g**3 - 2*g**2 - 3*g - 2. Let n be r(-2). Suppose -3*u - 244 - 221 = 0. Let o = u + n. Is o a composite number?
True
Suppose 57 = 3*y + 39. Suppose y*i = 9*i - 7899. Is i prime?
True
Suppose 5*p - 24 = 3*p. Suppose p*s - s = 4081. Is s composite?
True
Is 1543/(-2)*(1 + -3) composite?
False
Suppose -10 = -0*c - 5*c. Suppose 3*y = -2*a - a + 3546, -c*a + 4734 = 4*y. Suppose z - 3*z = -5*l + y, l + 2*z - 225 = 0. Is l composite?
True
Let n = 62312 + -23103. Is n composite?
False
Let h(v) = 1059*v**3 - 2*v**2 - 7*v + 17. Is h(2) prime?
True
Suppose -5*x + 300 = 3*g + 2*g, 3*x = 3*g + 174. Let p = x + -38. Is p prime?
False
Let k(y) = -3*y + 29. Let f be k(9). Suppose 0 = -f*x + 6, 2*x - 3765 = -3*p - 0*x. Is p prime?
False
Suppose 0 = -32*z - 69*z + 989699. Is z a prime number?
False
Suppose -5*z - 63 = 12. Let j be (29980/8)/(1/(-2)). Is j/z + (-2)/3 composite?
False
Let g(l) = l + 7. Let j be g(-5). Suppose 5*d - j*d - 5817 = 0. Is d a composite number?
True
Suppose -4*u + 780 = -4*b - 0*b, 2*u - 393 = 5*b. Suppose a + 3*a + y = -274, u = -3*a + 5*y. Is (30/(-12))/(2/a) composite?
True
Let v be -2 + (-9 - 3)*2. Let n = -18 - v. Is 166*(0 - (-4)/n) a prime number?
True
Let s = 23849 + -50109. Let t = 38531 + s. Is t prime?
False
Let l = 12 - 5. Let q = l - 1. Let h(u) = u**2 + 6*u - 7. Is h(q) prime?
False
Suppose 5*o + 21 = -29. Let x(h) = -3*h**3 - 10*h**2 - 3*h + 9. Is x(o) prime?
True
Is (-4760)/(5/(-1)) + -3 + 2 composite?
True
Let w(o) = 4*o - 2. Let q be w(2). Let v be -2*(1 + 1) - -5. Is q + 409 - (-1 + v) composite?
True
Let n be 8/(-12) - (-41108)/(-6). Is (5 + n/6)*2/(-6) composite?
False
Let k(i) = -i + 10. Let z be k(6). Suppose -z*o = -2*f + 1670, 0*f + 5*f - 3*o = 4189. Is f prime?
True
Let r be (80/12 + -1)*-1*-9. Suppose p - 28 = r. Is p a composite number?
False
Suppose 3*z - 4*z + 3 = 0. Suppose -3*k + 2*k + 5*l = -875, z*k - 2655 = 5*l. Suppose -3*q - 4*x + 1436 - 101 = 0, -2*q - 4*x + k = 0. Is q a composite number?
True
Let a(k) = 52*k - 19. Let m = 13 - 3. Suppose -18 = 7*q - m*q. Is a(q) a prime number?
True
Suppose 5*s = 4*u + 89984 + 54935, 2*u - 57964 = -2*s. Is s a prime number?
False
Let h(z) = 31*z**2 + 4*z - 2. Is h(-4) prime?
False
Let u(k) = -122*k - 32. Let o(m) = -121*m - 33. Let n(v) = 5*o(v) - 4*u(v). Is n(-14) composite?
False
Let w be ((-3)/(-2))/((-36)/(-96)). Suppose -2*y + 604 = w*q, -q + y + 151 = 3*y. Let g = q - -10. Is g a composite number?
True
Suppose 4*x + x - 20 = 0. Suppose 0*g - 5*b = -5*g, x*b - 20 = -g. Suppose g*k = 8*k - 1644. Is k a prime number?
False
Let f = -8688 + 18907. Is f prime?
False
Suppose 4*s = s + 4227. Is s a composite number?
False
Let f be (-1 + 7)*2/3. Suppose f = 5*a - 6. Is (5/a + -3)*-178 composite?
False
Let j be (-14)/(-3) + (-6)/(-9)*-1. Is 1 - -186*(0 + j) a prime number?
False
Let a(k) = -k**3 - 12*k**2 - 21*k + 9. Let i be a(-10). Let y(p) = 149*p - 46. Is y(i) prime?
False
Let u(b) = -b**2 + 8*b - 5. Let n be u(5). Suppose -w - 18 = 2*w - 3*k, -w - n = -3*k. Is ((-50)/w)/(3/6) composite?
True
Suppose -10*o + 33*o = 45287. Is o composite?
True
Suppose 4*z = -5*x + 5804 + 3633, 2*x = -z + 3776. Is x prime?
True
Let y(d) = -d**3 + 15*d**2 - d + 22. Let l be y(15). Is (-1642)/(-7) + 3/l composite?
True
Suppose -54973 = 7*k - 191718. Is k prime?
False
Let w(s) = -103*s - 272. Is w(-7) composite?
False
Let h be (-6078)/(-10) + 2 + 9/45. Let d = 829 + h. Is d a composite number?
False
Suppose 2*d + 10 = -4*n, 2 = -2*n + 4. Let q(j) = -j**3 - 6*j**2 + 6*j - 3. Let h be q(d). Suppose -265 = -h*f - f. Is f prime?
True
Let g(j) be the third derivative of j**6/120 + j**5/6 - 13*j**4/24 + 13*j**3/6 + 2*j**2. Suppose -12 = o - 2. Is g(o) a prime number?
False
Let u(k) = -k - 1. Let s be u(-3). Let a be (-348198)/(-12) - s/4. Is a/3